
List the prime factors of 1256385093.
3, 5399, 77569
What are the prime factors of 122751714?
2, 3, 163, 313, 401
List the prime factors of 909123190.
2, 5, 2753, 33023
What are the prime factors of 142634314?
2, 71, 919, 1093
List the prime factors of 4586752369.
41, 3583, 31223
What are the prime factors of 226144398?
2, 3, 5449, 6917
What are the prime factors of 107154889?
19, 79, 71389
List the prime factors of 264344879.
264344879
List the prime factors of 1142171373.
3, 7, 54389113
What are the prime factors of 97905820?
2, 5, 4895291
List the prime factors of 421493199.
3, 140497733
What are the prime factors of 244022980?
2, 5, 41, 297589
What are the prime factors of 694602542?
2, 103, 1709, 1973
What are the prime factors of 11365412?
2, 2841353
List the prime factors of 45786293.
7, 6540899
What are the prime factors of 2025724047?
3, 31, 21781979
What are the prime factors of 3274090851?
3, 1091363617
List the prime factors of 65105759.
65105759
What are the prime factors of 1562063215?
5, 599, 521557
What are the prime factors of 5415410818?
2, 19, 7500569
List the prime factors of 288699321.
3, 17, 29, 53, 127
List the prime factors of 760363640.
2, 5, 1597, 11903
List the prime factors of 306058571.
7, 13, 97, 34673
What are the prime factors of 687818354?
2, 19, 952657
List the prime factors of 1465238984.
2, 11, 16650443
List the prime factors of 219028546.
2, 11, 1429, 6967
List the prime factors of 82375113.
3, 27458371
List the prime factors of 112888970.
2, 5, 67, 168491
What are the prime factors of 42343809?
3, 14114603
List the prime factors of 1945844504.
2, 37, 6573799
List the prime factors of 188463325.
5, 7538533
List the prime factors of 64111509.
3, 7, 11, 71, 1303
List the prime factors of 119827058.
2, 13, 61, 75553
List the prime factors of 174610647.
3, 103, 20929
What are the prime factors of 14642803?
7, 47, 44507
List the prime factors of 1045778983.
1045778983
What are the prime factors of 2018521860?
2, 3, 5, 17, 23, 139, 619
List the prime factors of 636983494.
2, 7, 641, 70981
What are the prime factors of 3940698671?
7, 13, 6221, 6961
What are the prime factors of 8823197?
587, 15031
What are the prime factors of 24101114?
2, 53, 271, 839
What are the prime factors of 108857458?
2, 54428729
List the prime factors of 3310897570.
2, 5, 331089757
What are the prime factors of 53847421?
53847421
What are the prime factors of 209485384?
2, 26185673
What are the prime factors of 59854700?
2, 5, 751, 797
List the prime factors of 72819554.
2, 43, 846739
List the prime factors of 18514700.
2, 5, 17, 10891
List the prime factors of 348231194.
2, 3967, 43891
List the prime factors of 43303209.
3, 37, 390119
What are the prime factors of 221824364?
2, 17, 29, 197, 571
List the prime factors of 40414120.
2, 5, 1010353
List the prime factors of 2404471842.
2, 3, 23, 5807903
What are the prime factors of 1168726525?
5, 41, 227, 5023
What are the prime factors of 139313568?
2, 3, 353, 4111
List the prime factors of 488489519.
7, 353, 197689
What are the prime factors of 122284212?
2, 3, 31, 328721
List the prime factors of 189588998.
2, 17, 631, 8837
List the prime factors of 130212987.
3, 29, 43, 34807
What are the prime factors of 375396256?
2, 227, 51679
List the prime factors of 156464965.
5, 3371, 9283
What are the prime factors of 2840998202?
2, 7, 83, 2444921
List the prime factors of 2179263370.
2, 5, 37, 1669, 3529
What are the prime factors of 829010895?
3, 5, 53, 1042781
List the prime factors of 9987469.
61, 163729
What are the prime factors of 1041686259?
3, 347228753
What are the prime factors of 53713307?
29, 37, 113, 443
List the prime factors of 1139256471.
3, 337, 1126861
What are the prime factors of 180961659?
3, 41, 593, 827
List the prime factors of 268373257.
67, 1789, 2239
List the prime factors of 1219179385.
5, 3491, 69847
What are the prime factors of 68731732?
2, 191, 89963
What are the prime factors of 592460704?
2, 11, 499, 3373
What are the prime factors of 111629516?
2, 109, 256031
What are the prime factors of 81460102?
2, 4327, 9413
List the prime factors of 1721452714.
2, 601, 751, 1907
List the prime factors of 1357792257.
3, 452597419
What are the prime factors of 27654078?
2, 3, 4609013
List the prime factors of 428903512.
2, 839, 63901
What are the prime factors of 2468310651?
3, 2767, 3671
List the prime factors of 53858885.
5, 10771777
List the prime factors of 171738903.
3, 7, 8178043
List the prime factors of 1193502869.
13, 91807913
What are the prime factors of 320154032?
2, 11, 1819057
List the prime factors of 22959122.
2, 11479561
What are the prime factors of 538330495?
5, 1559, 69061
List the prime factors of 1471708921.
17, 59, 1467307
What are the prime factors of 161475404?
2, 31, 1302221
List the prime factors of 349591969.
47, 7438127
List the prime factors of 188670810.
2, 3, 5, 29, 229, 947
List the prime factors of 81253276.
2, 13, 149, 10487
List the prime factors of 468629394.
2, 3, 43, 71, 25583
What are the prime factors of 69606334?
2, 7, 4971881
What are the prime factors of 4695994?
2, 2347997
What are the prime factors of 292516417?
29, 10086773
List the prime factors of 295406889.
3, 19, 433, 11969
List the prime factors of 679181215.
5, 157, 281, 3079
List the prime factors of 4499860540.
2, 5, 7, 79, 406859
What are the prime factors of 2366619972?
2, 3, 197218331
List the prime factors of 1776883730.
2, 5, 31, 107, 53569
List the prime factors of 150459469.
17, 520621
What are the prime factors of 29117063?
19, 43, 157, 227
List the prime factors of 3014563382.
2, 37, 1151, 35393
What are the prime factors of 1012733701?
7, 144676243
List the prime factors of 58221753.
3, 17, 89, 101, 127
What are the prime factors of 140279669?
113, 1241413
What are the prime factors of 15578113?
15578113
What are the prime factors of 51370865?
5, 7, 13, 127
List the prime factors of 79746035.
5, 109, 146323
List the prime factors of 3921951373.
523, 2647, 2833
What are the prime factors of 3225130261?
35899, 89839
List the prime factors of 264992850.
2, 3, 5, 196291
What are the prime factors of 776259361?
23, 823, 1783
List the prime factors of 405125868.
2, 3, 7, 1019, 4733
What are the prime factors of 996451761?
3, 233, 1425539
What are the prime factors of 1525176676?
2, 381294169
List the prime factors of 379055.
5, 47, 1613
What are the prime factors of 1413896650?
2, 5, 59, 479287
What are the prime factors of 841578595?
5, 11, 13, 8231
What are the prime factors of 6036503224?
2, 19, 97, 401, 1021
List the prime factors of 989832188.
2, 13451, 18397
List the prime factors of 434774477.
12107, 35911
What are the prime factors of 183823827?
3, 11, 97, 57427
List the prime factors of 5144279961.
3, 109, 15731743
List the prime factors of 6783824887.
7, 1187, 816443
List the prime factors of 91739028.
2, 3, 7644919
List the prime factors of 81560223.
3, 89, 33941
List the prime factors of 15699117.
3, 7, 79, 9463
What are the prime factors of 57392225?
5, 11, 208699
List the prime factors of 7836571641.
3, 19, 137483713
What are the prime factors of 602130669?
3, 7, 757, 773
What are the prime factors of 187358464?
2, 731869
List the prime factors of 196147959.
3, 7, 101, 92479
List the prime factors of 361425000.
2, 3, 5, 61, 79
What are the prime factors of 228337850?
2, 5, 13, 351289
List the prime factors of 142614592.
2, 67, 79, 421
What are the prime factors of 508733448?
2, 3, 1697, 12491
List the prime factors of 69185467.
13, 5321959
What are the prime factors of 160978907?
160978907
What are the prime factors of 3117477925?
5, 83, 461, 3259
List the prime factors of 386145497.
17, 22714441
List the prime factors of 556209181.
11, 50564471
List the prime factors of 145788578.
2, 13, 5607253
List the prime factors of 3402362699.
19, 23, 563, 13829
List the prime factors of 62276649.
3, 20758883
What are the prime factors of 53849440?
2, 5, 23, 14633
What are the prime factors of 141191732?
2, 11, 17, 31, 6089
What are the prime factors of 35735008?
2, 23, 2111
List the prime factors of 643910153.
97, 6638249
What are the prime factors of 321337994?
2, 19, 8456263
List the prime factors of 7928937654.
2, 3, 11, 120135419
What are the prime fac